 2) in base 4?
-120
What is 3 (base 16) in base 6?
3
150 (base 6) to base 14
4a
Convert -20 (base 5) to base 12.
-a
What is 15 (base 7) in base 13?
c
6 (base 12) to base 11
6
What is 24 (base 12) in base 14?
20
What is -4b (base 13) in base 16?
-3f
283 (base 10) to base 6
1151
Convert -4 (base 5) to base 13.
-4
15 (base 9) to base 8
16
What is 4 (base 8) in base 13?
4
1001 (base 2) to base 10
9
Convert -e3 (base 15) to base 2.
-11010101
What is 22 (base 4) in base 11?
a
Convert -21 (base 14) to base 11.
-27
-13 (base 14) to base 3
-122
What is -1 (base 14) in base 9?
-1
What is -11 (base 8) in base 11?
-9
Convert -2 (base 5) to base 16.
-2
Convert -6 (base 11) to base 8.
-6
What is 3 (base 9) in base 7?
3
What is -50 (base 8) in base 13?
-31
Convert -41 (base 7) to base 16.
-1d
What is 3 (base 6) in base 11?
3
Convert -39 (base 15) to base 10.
-54
What is 48 (base 9) in base 11?
40
-110010 (base 2) to base 3
-1212
-91 (base 16) to base 9
-171
Convert -3 (base 15) to base 12.
-3
36 (base 13) to base 12
39
What is -1 (base 4) in base 5?
-1
What is 1 (base 11) in base 8?
1
Convert -104 (base 11) to base 2.
-1111101
Convert -10 (base 7) to base 11.
-7
What is -9 (base 16) in base 8?
-11
-14 (base 15) to base 2
-10011
What is -100 (base 2) in base 9?
-4
Convert -150 (base 8) to base 12.
-88
What is 4 (base 12) in base 3?
11
-1 (base 10) to base 3
-1
-125 (base 8) to base 16
-55
What is 1 (base 10) in base 5?
1
Convert 1 (base 2) to base 16.
1
What is -6 (base 9) in base 4?
-12
What is c (base 15) in base 9?
13
What is -3 (base 15) in base 12?
-3
What is 80 (base 13) in base 12?
88
Convert 56 (base 12) to base 7.
123
Convert -27 (base 13) to base 4.
-201
-220 (base 5) to base 10
-60
-3 (base 16) to base 12
-3
-2 (base 8) to base 7
-2
Convert 0 (base 6) to base 7.
0
Convert -4 (base 5) to base 9.
-4
What is -f (base 16) in base 6?
-23
Convert 28 (base 15) to base 5.
123
Convert 202 (base 3) to base 5.
40
0 (base 8) to base 6
0
What is 1 (base 6) in base 5?
1
What is -9 (base 15) in base 7?
-12
What is -14 (base 15) in base 14?
-15
1 (base 12) to base 7
1
What is -4 (base 7) in base 15?
-4
What is -9 (base 11) in base 15?
-9
Convert 1a (base 15) to base 2.
11001
Convert 1 (base 12) to base 10.
1
Convert -28 (base 10) to base 15.
-1d
-139 (base 14) to base 13
-160
Convert -212 (base 6) to base 2.
-1010000
14 (base 5) to base 13
9
32 (base 14) to base 11
40
Convert -20 (base 6) to base 15.
-c
11 (base 2) to base 14
3
5 (base 16) to base 14
5
0 (base 10) to base 4
0
-1 (base 10) to base 5
-1
What is 61 (base 8) in base 6?
121
-6 (base 7) to base 5
-11
Convert 14 (base 16) to base 13.
17
Convert -2 (base 6) to base 2.
-10
What is -1010 (base 2) in base 11?
-a
Convert -231 (base 9) to base 2.
-10111110
What is 3 (base 5) in base 7?
3
What is -1 (base 9) in base 10?
-1
-3c (base 13) to base 14
-39
Convert 2 (base 3) to base 15.
2
-3 (base 6) to base 11
-3
Convert -3 (base 8) to base 11.
-3
What is -39 (base 12) in base 7?
-63
Convert 10b (base 13) to base 10.
180
Convert 3 (base 5) to base 13.
3
Convert 12 (base 8) to base 9.
11
Convert -4 (base 16) to base 11.
-4
Convert -2e (base 15) to base 3.
-1122
What is -13 (base 11) in base 2?
-1110
-15 (base 14) to base 9
-21
1 (base 15) to base 11
1
-10220 (base 3) to base 15
-70
Convert -5 (base 6) to base 5.
-10
Convert 8 (base 16) to base 15.
8
What is -3 (base 9) in base 5?
-3
143 (base 8) to base 2
1100011
Convert -41 (base 6) to base 15.
-1a
Convert -4 (base 16) to base 11.
-4
Convert 1 (base 8) to base 12.
1
What is -1000 (base 4) in base 12?
-54
What is 69 (base 11) in base 14?
55
Convert -20 (base 11) to base 16.
-16
What is 52 (base 7) in base 8?
45
Convert 4 (base 16) to base 6.
4
What is 28 (base 12) in base 2?
100000
Convert 10 (base 5) to base 8.
5
What is -1 (base 13) in base 10?
-1
What is 2 (base 6) in base 11?
2
What is 1111 (base 3) in base 16?
28
What is -33 (base 13) in base 9?
-46
What is -114 (base 5) in base 8?
-42
What is 21 (base 15) in base 6?
51
What is -302 (base 4) in base 11?
-46
What is 45 (base 6) in base 15?
1e
What is 3031 (base 4) in base 7?
412
Convert -31 (base 11) to base 5.
-114
What is 113 (base 11) in base 3?
12000
Convert -1 (base 16) to base 4.
-1
5a (base 16) to base 12
76
Convert -3 (base 6) to base 13.
-3
Convert 313 (base 8) to base 4.
3023
-74 (base 10) to base 11
-68
-205 (base 9) to base 5
-1132
Convert 3c (base 15) to base 10.
57
Convert 2 (base 3) to base 16.
2
Convert 100 (base 5) to base 14.
1b
-20 (base 6) to base 8
-14
Convert 1204 (base 6) to base 10.
292
-6 (base 15) to base 14
-6
What is 0 (base 7) in base 9?
0
Convert -6 (base 15) to base 5.
-11
What is 1100 (base 3) in base 16?
24
Convert 12220 (base 3) to base 12.
113
What is -3 (base 13) in base 3?
-10
Convert 2 (base 6) to base 13.
2
Convert a (base 11) to base 8.
12
Convert 2 (base 8) to base 12.
2
3 (base 4) to base 3
10
What is 21 (base 3) in base 2?
111
Convert -b8 (base 12) to base 3.
-12012
-122 (base 3) to base 2
-10001
What is -1 (base 2) in base 15?
-1
1 (base 11) to base 15
1
Convert 7 (base 15) to base 2.
111
12 (base 7) to base 10
9
What is -6 (base 14) in base 6?
-10
-8 (base 11) to base 6
-12
Convert -5 (base 14) to base 5.
-10
What is 11 (base 11) in base 13?
c
What is -16 (base 16) in base 11?
-20
Convert 35 (base 12) to base 9.
45
What is -11 (base 4) in base 2?
-101
What is 2 (base 8) in base 12?
2
201 (base 5) to base 4
303
What is 122 (base 3) in base 10?
17
32 (base 15) to base 6
115
What is 3 (base 10) in base 15?
3
44 (base 11) to base 2
110000
145 (base 8) to base 16
65
-120 (base 4) to base 16
-18
2 (base 11) to base 14
2
-26 (base 8) to base 15
-17
Convert 8 (base 15) to base 3.
22
What is 19 (base 13) in base 6?
34
What is 0 (base 8) in base 10?
0
Convert -4 (base 8) to base 13.
-4
What is 1 (base 11) in base 10?
1
49 (base 11) to base 12
45
10 (base 3) to base 2
11
-2 (base 4) to base 10
-2
2 (base 11) to base 9
2
Convert -3 (base 7) to base 13.
-3
-42 (base 16) to base 9
-73
What is 1100 (base 2) in base 7?
15
Convert -11 (base 11) to base 15.
-c
Convert 57 (base 13) to base 15.
4c
What is -2 (base 11) in base 4?
-2
0 (base 3) to base 5
0
Convert 0 (base 12) to base 4.
0
What is 29 (base 14) in base 3?
1101
Convert 34 (base 6) to base 14.
18
Convert 88 (base 16) to base 15.
91
What is 98 (base 10) in base 2?
1100010
Convert 37 (base 13) to base 4.
232
What is 13 (base 4) in base 2?
111
What is -30 (base 6) in base 10?
-18
-5 (base 13) to base 7
-5
Convert 1 (base 5) to base 16.
1
What is -102 (base 5) in base 13?
-21
Convert -3023 (base 4) to base 6.
-535
Convert 5 (base 12) to base 16.
5
What is -10 (base 8) in base 10?
-8
What is -1 (base 2) in base 7?
-1
What is -6 (base 16) in base 15?
-6
7 (base 8) to base 9
7
What is 212 (base 5) in base 14?
41
What is -31 (base 8) in base 4?
-121
What is 10 (base 4) in base 12?
4
What is -4 (base 7) in base 13?
-4
Convert -9 (base 14) to base 16.
-9
What is 5 (base 9) in base 4?
11
Convert -12 (base 10) to base 14.
-c
Convert -211 (base 7) to base 11.
-97
4 (base 9) to base 4
10
0 (base 8) to base 10
0
What is -1101 (base 2) in base 12?
-11
21 (base 3) to base 2
111
12 (base 4) to base 3
20
What is -100110 (base 2) in base 4?
-212
Convert 13 (base 15) to base 14.
14
1 (base 2) to base 13
1
What is 2 (base 6) in base 11?
2
171 (base 9) to base 7
265
Convert 142 (base 6) to base 16.
3e
What is -11 (base 2) in base 5?
-3
What is 224 (base 9) in base 15?
c4
-76 (base 11) to base 16
-53
Convert 244 (base 8) to base 16.
a4
Convert -10100001 (base 2) to base 7.
-320
-22120 (base 3) to base 9
-276
-21 (base 11) to base 10
-23
What is -10 (base 9) in base 15?
-9
What is -1b (base 16) in base 10?
-27
What is -16 (base 11) in base 6?
-25
-4 (base 7) to base 5
-4
1 (base 15) to base 7
1
Convert -134 (base 7) to base 4.
-1022
13 (base 4) to base 5
12
What is -21 (base 14) in base 9?
-32
What is -11 (base 3) in base 10?
-4
Convert -3 (base 4) to base 13.
-3
1 (base 4) to base 16
1
Convert -20 (base 12) to base 9.
-26
Convert -8b (base 15) to base 2.
-10000011
Convert -131 (base 4) to base 11.
-27
Convert -31 (base 10) to base 11.
-29
-3222 (base 4) to base 2
-11101010
-317 (base 8) to base 3
-21200
What is 4 (base 10) in base 15?
4
Convert 